p.
2, 19
Let y = 89 - -21. Let x be -2 + ((-2)/(-11) - (-19670)/y). Let u = 396 - x. List the prime factors of u.
3, 73
List the prime factors of 95/475 - 1538470/(-25).
3, 73, 281
Let z(o) = o**2 - 4*o - 18. Let h be z(4). Let w(m) = -11*m - 106. What are the prime factors of w(h)?
2, 23
Suppose -w - 950 = -6*w. Let b = -36 - -39. Suppose -3*s - 3*g + 292 = s, b*s - w = 5*g. What are the prime factors of s?
2, 5, 7
Let w(z) = -26277*z - 12. Let q be w(-5). Let g be (-2)/7 + q/63. List the prime factors of (0 - 2/7) + g/21.
3, 11
Suppose -624*g + 629*g + 5*z = 86705, 34712 = 2*g - 4*z. What are the prime factors of g?
2, 3, 7, 59
Suppose -12 = -a - 2*c + 6*c, 0 = 2*a - 4*c - 16. Suppose -676 = -a*g + 4*k, -2*k - 96 = -g + 70. What are the prime factors of g?
2, 43
Suppose 20905 = 14*b - 90507. Suppose -17*j + 1358 + b = 0. List the prime factors of j.
2, 137
Let p = -19 + 6. Let w(j) = -56*j + 11. Let l(n) = 28*n - 6. Let c(k) = p*l(k) - 6*w(k). List the prime factors of c(-3).
2, 3
Suppose 5370 = 4*j + 5*o, -4*j + 22*o - 25*o = -5366. What are the prime factors of j?
2, 5, 67
Suppose 0 = 2*s - 2*z - 11662, -203*s - 5*z - 11671 = -205*s. What are the prime factors of s?
2, 31, 47
List the prime factors of 2/(-4) + (-51950520)/(-720).
3, 8017
Suppose -21968 = -3*k - 8078. What are the prime factors of k?
2, 5, 463
Let h be (-25)/(-3)*24/40. Let x(i) = 3*i**3 + 6*i**2 + 5*i - 24. What are the prime factors of x(h)?
2, 263
Let t(v) = -v**2 - 16*v - 35. Let u be t(-12). Suppose 0 = u*l - 2511 - 4132. List the prime factors of l.
7, 73
Let o be (2/(-1) - -3)*5. List the prime factors of (o - 7) + (316 - 1).
313
Suppose -4*j + w + 69301 + 10764 = 0, -3*w - 15 = 0. List the prime factors of j.
5, 4003
Suppose -15*d = 6*d - 3*d - 51210. What are the prime factors of d?
5, 569
Suppose 0 = 9*x + 5*x - 42. Suppose -3*j = -6*j + 1056. Suppose j = a + x*a. List the prime factors of a.
2, 11
Let z be (7 - 822)/(0 + (-3 - -2)). Suppose 8*a - z = -239. What are the prime factors of a?
2, 3
Let w(l) = -19*l + 21. Let g be w(-15). Let m be 309/(1/(-2)*3). Let x = g + m. List the prime factors of x.
2, 5
Let f be (-5 + 7)*(-10)/(-4) - 3. Suppose f + 1 = p, -12 = 2*r - 4*p. Suppose 4*l - 4*k - 560 = -0*l, r = 3*l + 5*k - 452. List the prime factors of l.
2, 3
Suppose -4484*l - 99770 = -4489*l. List the prime factors of l.
2, 11, 907
Suppose 0*i - 12 = -4*i. Let w be -8 - ((-12)/i)/(-1). Let a = w + 60. List the prime factors of a.
2, 3
Let o = 4393 + 1063. List the prime factors of o.
2, 11, 31
Let h(y) = y**2 + y + 7. Let j be -21*(-1 + (-8)/(-12)) - 2. Suppose 2*w - 4*w + x + 5 = 0, -15 = j*w + 3*x. What are the prime factors of h(w)?
7
Let b = -1 - -28. Let z(t) = -t**3 + 27*t**2 + 5*t + 82. List the prime factors of z(b).
7, 31
Let v(u) = 54*u + 61. Let c(h) = 21*h**2 - 144*h + 13. Let o be c(7). List the prime factors of v(o).
7, 271
Suppose 133*s = 488*s - 2841065. List the prime factors of s.
53, 151
Suppose -3*s = -5*h + 2788, 0 = -5*h - 4*s + 2265 + 551. Let k = h - -254. What are the prime factors of k?
2, 11, 37
Suppose -u - 7518 = -2*k - 939, 0 = 2*k + 6*u - 6544. List the prime factors of k.
19, 173
List the prime factors of 13*(307553/247 - -15).
2, 8191
Suppose 126784 = -35*f + 1799959. List the prime factors of f.
3, 5, 3187
Let x = -7643 + 16205. What are the prime factors of x?
2, 3, 1427
Let k(h) = 4 - 4*h**3 - h**2 - 4*h**3 - 4*h + 5*h**3 - 7*h**2. Let l be k(8). List the prime factors of (l/(-10))/2 - (-3)/15.
2, 13
Suppose 5*w = -2*i + 9608, 4*i + w = -3*w + 19216. Suppose -15*p - 814 = -i. What are the prime factors of p?
2, 7, 19
Let j(z) = 3*z**2 + z + 12. Let d(p) = -24*p - 203. Let h be d(-8). What are the prime factors of j(h)?
2, 7, 13
Suppose -121154 = -4*g + l, 10*l - 2 = 11*l. List the prime factors of g.
2, 3, 631
Let i(g) = g**2 + 15*g + 1. Suppose w - 45 = -l, 4*l - w - 32 - 138 = 0. Suppose -l*m = -45*m + 18. List the prime factors of i(m).
7, 31
Suppose -501 - 531 = -4*i. Suppose -4*x + i - 106 = 0. Suppose 2*v = 4*r + x, -v - 3*r = v - 73. List the prime factors of v.
29
Let g = -180 + 183. Suppose -7*z + 2*z + 4*o + 1546 = 0, g*o = 2*z - 617. What are the prime factors of z?
2, 5, 31
Let p = 1084 + -3659. List the prime factors of p/(-45) - 2 - 4/18.
5, 11
Let c = -4509 + 6487. Suppose 0 = -2*p + 4*p - c. What are the prime factors of p?
23, 43
Suppose t + t - 6 = 0. Let s be (-2 + t)/1 + 4. Suppose 212 + 113 = s*u. List the prime factors of u.
5, 13
Suppose 8*u - 20*k - 10771 = 7*u, 5*k = -4*u + 42829. What are the prime factors of u?
10711
Let s(u) = 27*u + 48. Let x = -216 + 221. What are the prime factors of s(x)?
3, 61
Let u be ((-10)/12*2)/((-1)/3). Suppose 1162 - 342 = u*c + 5*f, 2*c - 343 = 3*f. What are the prime factors of c?
167
Let y(t) be the second derivative of -t**5/20 + 3*t**4/4 - 5*t**3/6 - 7*t**2/2 - 9*t. Suppose 0 = b - 4*b + 24. List the prime factors of y(b).
17
Suppose 0 = -71*r + 208027 + 170261. What are the prime factors of r?
2, 3, 37
Let d(w) = 441*w**3 - 6*w**2 + 44*w - 212. What are the prime factors of d(5)?
54983
Suppose 3*v = -0*v + u - 6, 5*v - 4*u = -10. What are the prime factors of (1/5)/(v/(-8630))?
863
Let u(n) = 267*n**2 + 17*n - 33. Let c be u(3). Suppose 6*v = 4*v + m + c, -m - 1209 = -v. What are the prime factors of v?
2, 3, 101
Let b(x) = 3*x**2 + 6*x + 3. Let m be b(-2). Suppose m*r - 4*s + 17 = 0, 2*r = 3*s - 10 - 1. What are the prime factors of (-12)/84 - 85/r?
2, 3
Suppose 58*p - 739984 - 143878 = 0. What are the prime factors of p?
7, 311
Suppose -3*n + 443 + 297 + 514 = 0. List the prime factors of n.
2, 11, 19
Let z be (11/4)/((-14)/56). Let k(d) = -121*d - 257. List the prime factors of k(z).
2, 3, 179
Suppose -5*q - 2*l = -200, 0 = 5*q - 3*l - 18 - 207. What are the prime factors of (q/15)/(389/(-65) + 6)?
2, 7, 13
Suppose -50*j + 306*j = 14676736. List the prime factors of j.
57331
Suppose 0*q - q + 3*g + 11 = 0, -5*g - 15 = 0. List the prime factors of 5361/15 - q - (-10)/(-25).
5, 71
Suppose -2*c - c - 18 = -3*q, -3 = -5*q - 4*c. Let r(j) = -j**3 + j**2 + 5*j. Let g be r(q). What are the prime factors of (-3)/(-6)*3*(-1 - g)?
3
Let c(w) = 3*w**2 + 129*w + 199. Let v(u) = 2*u**2 + 65*u + 99. Let d(l) = 3*c(l) - 5*v(l). What are the prime factors of d(49)?
739
What are the prime factors of (-12917 - 2)/(-1) - -4 - (9 - 11)?
5, 11, 47
Let q(d) = 9*d - 4. Let j be q(6). Let x = -131 + j. Let y = x - -182. What are the prime factors of y?
101
Let w be 0 + (-4 - 2) + -4. Let y = w - -14. List the prime factors of (-272)/(-28) - y/(-14).
2, 5
Suppose -5*a + a + 2708 = 0. Suppose -5*w - 4*f = -a, 545 = 4*w - 5*f + 28. List the prime factors of w.
7, 19
Let x = -8568 + 14601. List the prime factors of x.
3, 2011
Let g = -197 - -691. Suppose g = -15*y + 41*y. What are the prime factors of y?
19
Let f = 1455 - 1450. Suppose 0*i = 3*c + i + 8, -3*c - 4 = 2*i. List the prime factors of f/2 - 234/c.
61
Suppose -4*f + 5*g = -38842, -f = -29*g + 31*g - 9717. What are the prime factors of f?
11, 883
Suppose 0 = -6*p - 2706 - 7110. Let j = p + 2371. What are the prime factors of j?
3, 5, 7
Let n = 9 - -4393. What are the prime factors of n?
2, 31, 71
Let c be (-2 - -1) + (-9 - -15). Suppose -6 - 9 = -c*z. Suppose z*h = 8*h - 470. List the prime factors of h.
2, 47
Suppose 158 = 2*z + 4*x, -3*x = -19*z + 22*z - 234. List the prime factors of z.
7, 11
Let t = 371 + 701. What are the prime factors of 44/33 - t/(-6)?
2, 3, 5
Let c(l) = 2*l**3 + 170*l**2 - 26*l - 487. List the prime factors of c(-85).
1723
Suppose 3 = 6*f + 15. What are the prime factors of ((-503)/(-7 - -6))/(f - -3)?
503
Let s be 5 - 48/(-6 + 2). Suppose 5*a + 1796 = s*f - 14*f, 3*a = 6. List the prime factors of f.
2, 7, 43
Suppose -99 = 8*x - 19*x. Let t(w) = 6*w**2 - 26*w + 44. What are the prime factors of t(x)?
2, 37
Let u be (87 - (-2 - 0))*1. Suppose 5*b - 3*a - 28 = 0, -5*a = 13*b - 16*b + 20. Suppose 10*c - 228 = b*c + 3*l, l - u = -2*c. What are the prime factors of c?
3, 5
Let v(n) = n**3 - n**2 - 4*n + 48. Suppose -3*y - 4 = 5. Let x be y/(-6)*(0 - 0). List the prime factors of v(x).
2, 3
Suppose -4*a = -5*o + 11 - 46, 2*o = 10. Suppose 0 = 5*f - 3*b - 2*b - a, -4*f + 2*b + 22 = 0. List the prime factors 